et o be 2*17*6/12. Suppose -8*m = -7*m - o. Suppose -2 + m = 3*s. What is the units digit of s?
5
Let o = 24 + -30. Let t be 28/o + 12/18. Let u(c) = -23*c + 6. What is the units digit of u(t)?
8
Let b be 30/25*(-30)/(-9). Suppose y - 5 = -c, 2*c = -b*y + 12 - 2. Suppose y = -43*u + 38*u + 240. What is the units digit of u?
8
Let w = 15 - 9. Suppose b + w = t, -2*b = -t - 0*b + 9. Let j(v) = 13*v**2 + 3*v. What is the units digit of j(t)?
6
Let o(f) = 6818*f**2 - 68*f + 66. What is the hundreds digit of o(1)?
8
Let l(x) be the first derivative of 2*x**3/3 + 7*x**2 + 20*x + 208. Let s(g) = 2*g + 7. Let c be s(-9). What is the tens digit of l(c)?
0
Let r(z) = -3*z**3 + 11*z + 26. Let k be r(-2). Suppose k*f - 15*f = 10036. What is the hundreds digit of f?
7
What is the units digit of 120*75 + (-36)/(-4) - -6?
5
Let l(t) = -132*t + 5. Let s = -5 - -4. What is the units digit of l(s)?
7
Suppose b = 3*v + 8956 - 3252, -5*b + 3*v + 28520 = 0. What is the tens digit of b?
0
Let c(t) = -63*t - 54. Let z be c(-18). Suppose 39*k + z = 44*k. What is the tens digit of k?
1
What is the ten thousands digit of ((-64)/31 - -2) + 22558638/1922?
1
Let v(o) = -o - 5*o + 0*o - 2*o - 2*o**3 - 5*o**2 + 6. Let z(n) = n**2 + n - 1. Let y(b) = -v(b) - 4*z(b). What is the hundreds digit of y(4)?
1
Let w be (4 + -1)*1 - (-30 + 30). Suppose -3189 = -w*d + 4*y + 1427, 0 = 2*y + 10. What is the thousands digit of d?
1
Let b(p) = -26*p + 78. Let t be b(-19). Let s = 1191 - t. What is the hundreds digit of s?
6
Let m be (4 - 140/15)*-3. Suppose 60 = 22*u - m*u. What is the units digit of u?
0
Let r(y) = -y - 6. Let t be r(-9). Suppose 3*d = -d - m - 3, 0 = t*d + 3*m + 9. Suppose -5*o - 330 + 810 = d. What is the units digit of o?
6
What is the units digit of ((-194)/(-12))/(57/114)*(-18)/(-1)?
2
Let v(q) = 28*q**3 - 17*q**2 + 38*q - 667. What is the units digit of v(12)?
5
Let m(o) = o**2 + 5*o - 11. Let c be m(-7). Suppose 0 = -2*v + 5*h + 9, -v = 5*h - c + 6. Suppose 15 = 5*q, 3*q = 5*g + v*q - 197. What is the tens digit of g?
4
Let z = -249 - -253. Suppose 6*g - 7*g + 325 = z*k, -3*g + 915 = -3*k. What is the hundreds digit of g?
3
Suppose 3*p - 3609 = 2*c, -4*c - 3562 - 1254 = -4*p. What is the units digit of p?
1
Let w = 98984 - 57647. What is the tens digit of w?
3
Suppose 0 = i + 2*j - 15, -5*j + 93 = 5*i + 3. Let r(k) = k**3 - 19*k**2 - 33*k + 66. What is the hundreds digit of r(i)?
2
Suppose 0 = 3*w - h + 1, -2*w + 6 = -2*h - 0. Let l be (w*(-1)/(-1))/(-2) + 2. Suppose j + 323 = 4*t, 0*t + 2*j = l*t - 236. What is the tens digit of t?
8
What is the hundreds digit of 12*10490/200*10 - (-1 + 4)?
2
Suppose o - 265 = -5*q, 3*q = -3*o + 86 + 61. What is the tens digit of q?
5
Suppose 0 = 17*g - 442517 + 17262. What is the thousands digit of g?
5
Let a(d) = -d**3 - 44*d**2 - 3*d - 92. Let b be a(-44). Suppose b*m - 7134 = -m. What is the hundreds digit of m?
1
Let j = -3 + 2. Suppose 2*h - 3*g = -5*g + 4, 0 = g - 5. What is the units digit of (h + j - 0) + 58?
4
Let v(k) = -k**3 - 5*k**2 + 12*k - 9. Let y(d) = -d**3 - 4*d**2 + 11*d - 11. Let f(a) = 5*v(a) - 6*y(a). What is the tens digit of f(5)?
9
Let s = -24 - -24. Let n(t) = 11*t**3 + 12*t**2 - 212. Let o(y) = 9*y**3 + 10*y**2 - 212. Let m(h) = 5*n(h) - 6*o(h). What is the tens digit of m(s)?
1
Let m(u) = 9*u**2 - u - 8. Let l be m(-4). Let w = l - 82. Let k = 93 - w. What is the units digit of k?
5
Suppose 0 = 13*q - 18*q + 2*r + 14316, -r = -2*q + 5728. What is the thousands digit of q?
2
Let w = -70 + -12. Let s = 86 + w. Suppose s*x = -m + 86, -3*x - 100 = -4*m + 3*m. What is the units digit of m?
4
Suppose 2*o = -8, 213*s + 3*o = 215*s - 10084. What is the units digit of s?
6
Let s = 29177 - 5866. What is the thousands digit of s?
3
Let q(d) = -26*d**3 + d**2 + 2*d - 45. What is the tens digit of q(-7)?
0
Let w = 250 - 477. Let j = w + 661. What is the units digit of j?
4
Suppose -45 = l + 3*t, 2*l + 23 = 3*t - 31. What is the tens digit of ((-7766)/l)/((-3)/((-18)/4))?
5
Suppose -4*s + 32 = -4*q - 2*s, 3*s + 62 = -5*q. Let o be (-1552)/q*60/24. Let j = o + -185. What is the units digit of j?
3
Let d = 18606 - 11712. What is the thousands digit of d?
6
Let t(m) = -5*m**2 - 57*m - 12. Let j be t(-11). Let u(q) = q**2 + 11*q + 10. What is the tens digit of u(j)?
2
Suppose -24*f = -22*f. Suppose -5*i + 0*i = -5*l - 25, l + 3*i - 15 = f. Suppose l = -5*a + 16*a - 1639. What is the hundreds digit of a?
1
Suppose 175 = 3*l - 2*k, 4*l - 25 - 209 = 2*k. Suppose -2*d + 3 + l = 0. Let z = 1 + d. What is the tens digit of z?
3
Suppose 5*s = 44 - 234. What is the tens digit of -10*3*s/95?
1
Let w(h) = 646*h + 944. What is the hundreds digit of w(10)?
4
Suppose z + 3*j - 135 = 0, -z = -3*j + 9 - 162. Let s = -99 + z. Suppose -2*k = -3*h + s + 326, 3*h = -4*k + 401. What is the tens digit of h?
2
Suppose 5*y + 3*c = -104, 0 = 2*c + 3*c + 15. Let v(f) = -16*f**2 + 7*f**2 - 46 - 24*f + 8*f**2. What is the tens digit of v(y)?
4
Let i = 1051 - 1049. Let y = 5 + -2. Suppose 8*a + 2*h = y*a + 821, i*a = -4*h + 322. What is the tens digit of a?
6
Suppose 3*j + 4*p = -2*j + 292, -p = -4*j + 221. Let z = -76 + j. What is the tens digit of ((-1270)/z)/((-2)/(-4))?
2
Let q(j) = -301*j - 3581. What is the thousands digit of q(-30)?
5
Let v be 3/(7/(6 + 1)). Let g = -15 + 18. Suppose -v*s = 5*k - 2*s - 783, 0 = -g*k - 4*s + 463. What is the units digit of k?
7
Let g = 9718 - 6558. What is the tens digit of g?
6
Let a(g) = -g**3 - 4*g**2 - 3*g + 16. Suppose -3*z - 14 = 7. Let c be a(z). Let r = c + -68. What is the tens digit of r?
1
Suppose 2*k = 4*h - 2200 - 808, 3*h = 3*k + 4503. Let y be (k/(-8))/(25/200). What is the hundreds digit of (3/(6/4))/(28/y)?
1
Let r = 2708 - 4564. Let b = -823 - r. What is the units digit of b?
3
Let o = 12133 + 19584. What is the ten thousands digit of o?
3
Let h(a) = -148*a**2 + 10616*a + 60. What is the thousands digit of h(67)?
6
Let c(r) = r**2 - 14*r - 41. Let w be c(20). Let p = w - 76. Suppose 5*q + 5*k = 46 + 184, 0 = p*q - k - 122. What is the units digit of q?
2
What is the thousands digit of (15/45)/((-86529)/(-43263) + -2)?
4
Let g = 195 - 31. Suppose u - g = 533. What is the units digit of u?
7
Suppose 11*k + 1520 = -5*k. Suppose -s - 3*h + 612 = 2*s, 4*s - 818 = -3*h. Let q = s + k. What is the tens digit of q?
1
Suppose 0*v - 21 = 3*v. Let w(s) = -14*s - 22. Let r(b) = -9*b - 15. Let c(x) = v*r(x) + 5*w(x). What is the tens digit of c(-4)?
2
Let l(h) = -5*h - 18. Let p be l(-4). Suppose -8*q - 20 = -4*i - 4*q, p*i + 3*q - 5 = 0. Suppose -271 = -i*a - 15. What is the units digit of a?
4
Let r(q) = -q + 3. Let h be r(-9). Let u(t) = -3*t**2 + 36*t + 4. Let k(x) = -x**2 + 12*x + 1. Let b(j) = -11*k(j) + 4*u(j). What is the units digit of b(h)?
5
Suppose 0 = 2*p - 5*z + 56, 42 = -3*p + z - 4*z. What is the tens digit of 2/(-6) - -348*(-4)/p?
7
Suppose 66 = -13*z - 181. Let p(c) = -c**3 - 19*c**2 - 3*c - 40. What is the units digit of p(z)?
7
Let x(i) = 5*i**2 + 9*i + 37. Let l be x(-9). Let j be 215/(-1) - 2/(-2). Let q = l + j. What is the hundreds digit of q?
1
Suppose -3*m + 5*j = 2673, -4*m - 3572 = -7*j + 3*j. Let t = m - -1721. Suppose 0 = 3*y - 0*y - t. What is the hundreds digit of y?
2
What is the tens digit of (-621620)/(-45) - 3 - (260/45 + -6)?
1
Let s = -20 + 1113. Let a = -761 + s. What is the hundreds digit of a?
3
Let q = 1469 + -1399. Suppose g - 6*n + 3*n = 9, 5*n + 23 = 2*g. Suppose 25*u - q = g*u. What is the tens digit of u?
7
Suppose 0 = 69*d - 68*d + m - 19557, 0 = 2*d - m - 39117. What is the thousands digit of d?
9
Suppose -2*r + 2206 = s + 305, 3*r - 9 = 0. What is the thousands digit of s?
1
Let b(k) = -k**2 - 7*k + 15. Let g(s) = 13*s - 99*s**2 + 101*s**2 - 41 + 12. Let i(c) = 5*b(c) + 2*g(c). What is the units digit of i(-10)?
7
Let z be (1*(110 - 4))/(8/(-620)). What is the units digit of z/(-11) - 14/(-77)?
7
Suppose 598 = l + 3*f - 4*f, -l = 5*f - 610. Let b(a) = -a + 3. Let i be b(0). Suppose y = -i*y + l. What is the hundreds digit of y?
1
Suppose 93*w - 87*w = 3*f - 73884, 0 = f + 2*w - 24616. What is the thousands digit of f?
4
Let v be -12 + 13 + (-6)/(-2). Let g(d) = 30*d**2 + 4*d + 6. What is the tens digit of g(v)?
0
Let r(k) = 5*k - 27. Let x be r(12)